reds digit of 1198?
1
What is the tens digit of 188?
8
What is the hundreds digit of 34540?
5
What is the hundreds digit of 17201?
2
What is the thousands digit of 146320?
6
What is the units digit of 7614?
4
What is the tens digit of 28491?
9
What is the hundreds digit of 11495?
4
What is the tens digit of 81280?
8
What is the tens digit of 1199?
9
What is the ten thousands digit of 96389?
9
What is the thousands digit of 10199?
0
What is the ten thousands digit of 76285?
7
What is the hundreds digit of 1142?
1
What is the tens digit of 14654?
5
What is the units digit of 2722?
2
What is the units digit of 783?
3
What is the units digit of 965?
5
What is the hundreds digit of 7832?
8
What is the ten thousands digit of 17753?
1
What is the units digit of 8203?
3
What is the thousands digit of 1568?
1
What is the hundreds digit of 55026?
0
What is the tens digit of 27821?
2
What is the units digit of 1113?
3
What is the units digit of 12081?
1
What is the tens digit of 1149?
4
What is the units digit of 1530?
0
What is the thousands digit of 3015?
3
What is the units digit of 122679?
9
What is the tens digit of 4370?
7
What is the thousands digit of 5464?
5
What is the tens digit of 1652?
5
What is the hundreds digit of 65492?
4
What is the tens digit of 170664?
6
What is the hundreds digit of 585?
5
What is the thousands digit of 8528?
8
What is the hundreds digit of 1174?
1
What is the thousands digit of 4190?
4
What is the tens digit of 26798?
9
What is the thousands digit of 1092?
1
What is the tens digit of 5254?
5
What is the thousands digit of 21817?
1
What is the tens digit of 26083?
8
What is the thousands digit of 4811?
4
What is the thousands digit of 17652?
7
What is the hundreds digit of 2697?
6
What is the hundreds digit of 2476?
4
What is the units digit of 298?
8
What is the hundreds digit of 27617?
6
What is the thousands digit of 1428?
1
What is the hundreds digit of 45650?
6
What is the hundreds digit of 61409?
4
What is the tens digit of 42?
4
What is the thousands digit of 1584?
1
What is the thousands digit of 2203?
2
What is the hundreds digit of 1909?
9
What is the tens digit of 1479?
7
What is the thousands digit of 19511?
9
What is the tens digit of 107717?
1
What is the tens digit of 2646?
4
What is the units digit of 7300?
0
What is the tens digit of 3295?
9
What is the tens digit of 20923?
2
What is the thousands digit of 2451?
2
What is the hundreds digit of 3810?
8
What is the tens digit of 632?
3
What is the hundreds digit of 38564?
5
What is the thousands digit of 38403?
8
What is the tens digit of 30179?
7
What is the units digit of 901?
1
What is the hundreds digit of 48197?
1
What is the tens digit of 26?
2
What is the tens digit of 860?
6
What is the tens digit of 10198?
9
What is the thousands digit of 3548?
3
What is the hundreds digit of 5208?
2
What is the hundreds digit of 3139?
1
What is the tens digit of 30435?
3
What is the tens digit of 888?
8
What is the thousands digit of 17327?
7
What is the units digit of 169?
9
What is the tens digit of 37?
3
What is the tens digit of 5014?
1
What is the ten thousands digit of 23673?
2
What is the hundreds digit of 1745?
7
What is the units digit of 2332?
2
What is the hundreds digit of 954?
9
What is the tens digit of 963?
6
What is the thousands digit of 1092?
1
What is the units digit of 37016?
6
What is the tens digit of 723?
2
What is the tens digit of 47581?
8
What is the thousands digit of 1597?
1
What is the thousands digit of 3901?
3
What is the units digit of 10981?
1
What is the thousands digit of 116915?
6
What is the hundreds digit of 41240?
2
What is the thousands digit of 66516?
6
What is the tens digit of 26850?
5
What is the hundreds digit of 1589?
5
What is the ten thousands digit of 181101?
8
What is the tens digit of 17218?
1
What is the tens digit of 11551?
5
What is the thousands digit of 4295?
4
What is the hundreds digit of 1013?
0
What is the ten thousands digit of 28583?
2
What is the hundreds digit of 501?
5
What is the tens digit of 95187?
8
What is the tens digit of 20898?
9
What is the ten thousands digit of 21399?
2
What is the hundreds digit of 172146?
1
What is the hundreds digit of 159?
1
What is the hundreds digit of 1741?
7
What is the tens digit of 4207?
0
What is the tens digit of 306?
0
What is the tens digit of 738?
3
What is the units digit of 604?
4
What is the hundreds digit of 1693?
6
What is the units digit of 555?
5
What is the hundreds digit of 2266?
2
What is the ten thousands digit of 47515?
4
What is the tens digit of 7659?
5
What is the hundreds digit of 3972?
9
What is the hundreds digit of 1652?
6
What is the ten thousands digit of 24084?
2
What is the thousands digit of 1710?
1
What is the units digit of 791?
1
What is the thousands digit of 9365?
9
What is the hundreds digit of 43789?
7
What is the ten thousands digit of 12197?
1
What is the tens digit of 7811?
1
What is the units digit of 740?
0
What is the thousands digit of 5057?
5
What is the units digit of 3196?
6
What is the hundreds digit of 1290?
2
What is the tens digit of 103?
0
What is the hundreds digit of 34318?
3
What is the tens digit of 1732?
3
What is the units digit of 3840?
0
What is the hundreds digit of 1710?
7
What is the hundreds digit of 84074?
0
What is the tens digit of 13418?
1
What is the ten thousands digit of 27665?
2
What is the units digit of 10376?
6
What is the hundreds digit of 5285?
2
What is the ten thousands digit of 62003?
6
What is the hundreds digit of 721?
7
What is the thousands digit of 4388?
4
What is the units digit of 38199?
9
What is the thousands digit of 1228?
1
What is the tens digit of 13419?
1
What is the hundreds digit of 2745?
7
What is the hundreds digit of 776?
7
What is the units digit of 4118?
8
What is the units digit of 3266?
6
What is the hundreds digit of 4471?
4
What is the tens digit of 888?
8
What is the units digit of 357?
7
What is the tens digit of 783?
8
What is the tens digit of 6644?
4
What is the tens digit of 785?
8
What is the tens digit of 87478?
7
What is the units digit of 5474?
4
What is the units digit of 46507?
7
What is the thousands digit of 118938?
8
What is the hundreds digit of 15226?
2
What is the thousands digit of 2957?
2
What is the tens digit of 10081?
8
What is the hundreds digit of 741?
7
What is the tens digit of 833?
3
What is the tens digit of 159171?
7
What is the thousands digit of 1904?
1
What is the ten thousands digit of 37370?
3
What is the hundreds digit of 41377?
3
What is the thousands digit of 7340?
7
What is the hundreds digit of 1910?
9
What is the tens digit of 9231?
3
What is the units digit of 82327?
7
What is the thousands digit of 20004?
0
What is the tens digit of 128?
2
What is the tens digit of 18973?
7
What is the tens digit of 9670?
7
What is the hundreds digit of 2617?
6
What is the units digit of 308?
8
What is the thousands digit of 2100?
2
What is the thousands digit of 7824?
7
What is the hundreds digit of 3642?
6
What is the tens digit of 24917?
1
What is the units digit of 1296?
6
What is the tens digit of 3064?
6
What is the thousands digit of 9167?
9
What is the hundreds digit of 1701?
7
What is the hundreds digit of 59425?
4
What is the hundreds digit of 4169?
1
What is the tens digit of 459?
5
What is the thousands digit of 38267?
8
What is the units digit of 29?
9
What is the hundreds digit of 22502?
5
What is the thousands digit of 3669?
3
What is the units digit of 950?
0
What is the tens digit of 3925?
2
What is the tens digit of 289?
8
What is the units digit of 9288?
8
What is the tens digit of 53516?
1
What is the tens digit of 84512?
1
What is the hundreds digit of 11288?
2
What is the tens digit of 495?
9
What is the thousands digit of 5744?
5
What is the units digit of 1481?
1
What is the thousands digit of 42147?
2
What is the hundreds digit of 705?
7
What is the tens digit of 1130?
3
What is the units digit of 37542?
2
What is the units digit of 5529?
9
What is the thousands digit of 52049?
2
What is the hundreds digit of 94872?
8
What is the hundreds digit of 5663?
6
What is the units digit of 962?
2
What is the hundreds digit of 21492?
4
What is the units digit of 51494?
4
What is the units digit of 15267?
7
Wha